 p*z - 6. What are the prime factors of g?
2, 3
Let h = 1 + 2. Suppose -q - 34 = -h*q. What are the prime factors of q?
17
Suppose -5*p + 0 - 7 = 4*t, 2*t - 7 = p. Suppose 0 = 2*k + 2*x - t, k - x + 5*x = -14. Suppose k*v = v + 60. What are the prime factors of v?
2, 3
Let y = 22 + 11. What are the prime factors of y?
3, 11
Let d(w) = -w**3 + 3*w**2 + 2*w - 3. What are the prime factors of d(3)?
3
Let h = 34 + -37. Let i(l) = -l**3 - 2*l + 2*l**3 + 4*l**2 + 1 - 3. What are the prime factors of i(h)?
13
Suppose -9 = g - 4*g. Suppose -5*j = -3*n - 209, 5*n = -g*j - 2*j + 185. List the prime factors of j.
2, 5
Suppose 2*w + 0*w - s - 31 = 0, 3*w - 51 = -3*s. List the prime factors of w.
2
Let p(q) = 2*q**2 + 2*q - 1. Let a be p(3). Suppose 0*z + a = z. What are the prime factors of z?
23
Let y be (1 + 0)/((-2)/4). What are the prime factors of (-23)/y + (-2)/4?
11
Suppose 0 = 5*c - 19 - 1. Suppose 0 = -4*l + 4, -4*l = -2*f + 2 + c. What are the prime factors of f?
5
Suppose -3*d = 2*d - 10. List the prime factors of d.
2
Suppose -3*w = -2*w - 207. List the prime factors of w.
3, 23
Let z be 0*2/6 - -8. Let d = -3 + z. List the prime factors of d.
5
Let i be (-1 - -1) + 0/2. Let g be 2/2 - (22 - 26). Suppose 3*x + 2*c - 32 + 1 = i, 0 = -2*x + g*c - 11. List the prime factors of x.
7
Suppose -4*v + 3 = -v. Suppose 0 = -2*h + 3 + 17. List the prime factors of (h/v)/(6/6).
2, 5
Let a = 73 + -41. Suppose -a - 18 = -2*z. List the prime factors of z.
5
Let x(t) = -t**2 - 1. Let u(b) = -2*b**2 - 6*b + 4. Let v(a) = u(a) - 3*x(a). List the prime factors of v(6).
7
Let t be ((-1)/1)/((-2)/10). Let w = 16 - t. List the prime factors of w.
11
Let h(t) = 375*t**2 + t + 1. List the prime factors of h(-1).
3, 5
Let d(s) = 5*s - 1. Let y = -16 - -26. List the prime factors of d(y).
7
Let t(i) = 24*i - 6. What are the prime factors of t(2)?
2, 3, 7
Suppose -2*c - 18 = -5*c. What are the prime factors of 1/2 + 87/c?
3, 5
Let c be (-3)/(36/(-15))*4. Suppose -c = -3*k + 1. Suppose t - 1 = k. What are the prime factors of t?
3
Let m(u) be the second derivative of -u**5/20 - 7*u**4/12 + u**3/6 - 3*u**2/2 + u. Let k be m(-7). Let q = 0 - k. List the prime factors of q.
2, 5
Suppose -3*t = -4*r + 11, r + 4*r - 5*t = 10. Let c = r - -1. List the prime factors of c.
2, 3
Suppose 0 = 3*f + x - 2, -3 = 5*x + 2. List the prime factors of f + 2 + -1 + 12.
2, 7
Suppose -2*u = 3 - 1. What are the prime factors of 6*(u - (-9)/2)?
3, 7
Suppose 0 = -12*c + 16*c - 260. List the prime factors of c.
5, 13
Suppose -p + 3*w + 44 = 0, -5*p + 160 = -6*w + 3*w. List the prime factors of p.
29
Let s(l) = l**3 + 8*l**2 - 11*l - 5. List the prime factors of s(-9).
13
Suppose 2*m + 178 = 4*c, 0*m + 223 = 5*c - 3*m. List the prime factors of c.
2, 11
Let i = -37 - -59. List the prime factors of i.
2, 11
Suppose -5*i + 3*k = -685, -5*i - k + 680 = -5*k. What are the prime factors of i?
2, 5, 7
Suppose 0 = -4*l + 2*x + 110, 0 = 3*l + l - 5*x - 119. What are the prime factors of l?
2, 13
Let z = 0 + 0. Let a be (-178)/(-4) + (-1)/(-2). Suppose -4*u - 1 + a = z. What are the prime factors of u?
11
Suppose -9*y + 45 = -4*y. Let u = y + -7. List the prime factors of u.
2
Let z = -5 + 9. Suppose 91 = z*x + 35. What are the prime factors of x?
2, 7
Let g = 50 - -27. What are the prime factors of g?
7, 11
Let w be 2/(-12)*-2*33. Let r = w + -1. What are the prime factors of r?
2, 5
List the prime factors of 72 - 3/(12/(-8)).
2, 37
Let c be (1 + 357/9)*-3. What are the prime factors of c/(-18) - (-10)/45?
7
Let y = 14 - -1. Let x(h) = -h**2 + 18*h - 9. What are the prime factors of x(y)?
2, 3
Let q(w) = -w**3 - 7*w**2 + 3*w - 6. List the prime factors of q(-8).
2, 17
Suppose -4*z = 3*k - 161, 46 = 2*k + 4*z - 56. List the prime factors of k.
59
Let f = -2 - 2. List the prime factors of (6/f)/((-4)/8).
3
Let z = 10 - -6. Suppose -2*l = -0*y + y - z, -4*y + l + 64 = 0. What are the prime factors of y?
2
Suppose h + 2*d - 95 = 0, -h - 5*d + 185 = h. Let w = h - 70. List the prime factors of w.
5, 7
Let t be -6*(-5)/((-20)/(-6)). Suppose 5*s + 5 = -5*n, t + 12 = 3*n - 5*s. Suppose -2 = -n*w - 4*z + 6, 5*w - 6 = 4*z. What are the prime factors of w?
2
Let x(v) = -v - 10. Let c be x(-5). Let o = -4 - c. Let w(t) = 5*t - 1. List the prime factors of w(o).
2
What are the prime factors of 235 - (0 + 0)/(-6)?
5, 47
What are the prime factors of 0 + (14 + 1)*3?
3, 5
Let i = 5 + -3. List the prime factors of i.
2
Suppose -3*m = 3*p - 591, 5*m + 4*p - 262 = 727. What are the prime factors of m?
3, 67
Let b(l) = l + 4. Let f be b(-6). List the prime factors of 33 + (0/f - 1).
2
Let x be (2 + -74)/(-3) - 0. Suppose 0 = -3*n + 60 - x. What are the prime factors of n?
2, 3
Let d(n) = -n**3 + 7*n**2 - 4*n - 1. Let f be (-4 - -5)/(1/6). Let j be d(f). Suppose -5*q + 14 = -j. List the prime factors of q.
5
Let b be 6/4*28/21. Suppose -b*u + 9 = u. What are the prime factors of u?
3
Let w = 606 + -424. What are the prime factors of w?
2, 7, 13
Let f(v) = -v**2 + 6*v + 8. Let c be f(6). Suppose c*u = 3*u. Suppose 6*l - l - 2*y - 63 = u, -14 = -2*l - 2*y. What are the prime factors of l?
11
Let l(g) = 4*g**2 - g + 26. What are the prime factors of l(-7)?
229
Let r be 18/4*(-8)/(-12). Let v = -1 + r. What are the prime factors of v?
2
Let t(q) = -q - 1. Let v(u) = -u**2 - 6*u + 3. Let o(h) = t(h) - v(h). What are the prime factors of o(-6)?
2
Suppose -15 = -6*w + 3*w. Let d = w + -1. Suppose -c - 3*c + 24 = -d*a, 2*c - 10 = 4*a. List the prime factors of c.
7
Let x = 33 - 24. What are the prime factors of x?
3
Let n be (-24)/(-8) - (-6 + 1). Suppose -3*h + n*h - 5*s = 35, -s - 3 = 0. What are the prime factors of h?
2
Let f(r) = -r**3 - 4*r**2 + 4*r - 3. Let j be f(-5). Suppose -j*h = -h - 9. List the prime factors of h.
3
Let l = -6 - -77. List the prime factors of l.
71
Let w(y) = y**2 + y + 1. Let g be w(-4). Suppose 4*v = 77 - g. What are the prime factors of 4/v + 38/8?
5
Let w(l) = -8*l**3 + 2*l**2 + 3*l + 1. Let d be w(-1). Suppose -d*k + 9*k - 30 = 0. What are the prime factors of k?
2, 3, 5
Let o(w) = w**2 - 14*w - 27. List the prime factors of o(19).
2, 17
Suppose -42 + 122 = -4*v. Let l be (-75)/v - 1/(-4). Suppose 10 = -l*a + 26. List the prime factors of a.
2
Let f be (-4)/(-14) - 103/(-7). Suppose -4*y + 13 = -f. What are the prime factors of y?
7
Suppose -3*r - 62 = -4*m - 5*r, -2*m = 5*r - 51. What are the prime factors of m?
13
Let k = 2 - 0. Suppose -3*a + 185 = 5*i, -k*i + 0*a = 2*a - 74. Suppose x + i = 3*y + 3*x, 0 = 4*y - 4*x - 76. What are the prime factors of y?
3, 5
Let y be -8*(2 - 1)*-4. Suppose 2*p = 3*g - y, 3*g + 5*p - 4 = -0*g. What are the prime factors of g?
2
Let r(j) = 2*j**2 + 4*j**3 - 1 + 2*j - 3*j**2 - 6*j**3. What are the prime factors of r(-2)?
7
Suppose 4*q - 102 = -10. What are the prime factors of q?
23
Let i(g) = g**2 - 17*g + 19. Let c be i(16). Suppose 2*d = n - 8, 0*d + 2*d = -c*n. List the prime factors of n.
2
Let n = 119 - 61. List the prime factors of n.
2, 29
Let z(v) = v**3 - 8*v**2 + 16*v - 7. List the prime factors of z(7).
2, 7
Suppose 0 = -12*i - 13*i + 700. List the prime factors of i.
2, 7
Let c = -52 - -13. Let r = -22 - c. List the prime factors of r.
17
Let f be (2 + -3 - -4)*1. Suppose 4*x = 5*d - 137, -f*d + 0*x - 4*x = -95. What are the prime factors of d?
29
Suppose 3*u = 3, -u = s + 2*u - 8. What are the prime factors of s?
5
Let h(d) = -7*d**3 + 9*d**2 + 2*d + 9. Let y(q) = 3*q**3 - 7*q**3 + q**3 + 4 + 4*q**2 + q. Let w(n) = -2*h(n) + 5*y(n). What are the prime factors of w(-2)?
2
Let l(p) = p**3 - 2*p**2 + 2 + 0 + 0. Let a be l(2). Suppose 5*k - 2*k = 5*x - 55, 0 = a*x - 4*k - 22. What are the prime factors of x?
11
Let y(c) = 44*c**2 - c - 1. List the prime factors of y(-1).
2, 11
Let f = -58 + 103. Let p = 93 - f. List the prime factors of p.
2, 3
Let t(w) = w**3 + 10*w**2 + 10*w + 5. Let v be t(-9). Let a = v - -9. List the prime factors of a.
5
Suppose -i - 24 = -2*i. List the prime factors of i.
2, 3
List the prime factors of (-9)/(27/(-6)) - -18.
2, 5
Let w be -2 - 5/((-5)/4). Suppose w*m - 4 = -5*b, b - 2*b = -4*m - 14. Suppose 3*z + 0*u + 5*u - b = 0, 2*u + 10 = 0. List the prime factors of z.
3
Let t(k) = -k**3 + 6*k**2 + 8*k - 7. Let f be t(7).